(k)?
-2
Let d(l) = l**3 - 8*l**2 + 5*l + 6. Suppose -2*x + 3 = 7, -14 = -4*s + 3*x. Suppose -s - 16 = -6*u. Suppose -13 = -u*g + 8. What is d(g)?
-8
Let o be 3 - (-45 + -1 + -3). Let c = o + -51. Suppose c = 3*b + 22. Let i(g) = -g**2 - 8*g - 3. What is i(b)?
4
Let z be 95108/341 + -2 + (-23)/(-11). Let n = z - 286. Let k(g) = 4*g + 9. Give k(n).
-19
Suppose x + 5*n + 21 = 3*x, -19 = -3*x - 5*n. Suppose -v - 21 = -x*v. Let h(o) = 4*o**2 + 5*o - o**3 + 0 + 0 + 7 + 0*o**v. Determine h(5).
7
Let t(n) = -8*n**2 - 117*n - 11. Let z(y) = -16*y**2 - 209*y - 20. Let l(i) = -5*t(i) + 3*z(i). Calculate l(-5).
5
Let j(x) = 39*x**2 + 16*x - 41. Let p(z) = -18*z**2 - 7*z + 18. Let t(i) = -3*j(i) - 7*p(i). Determine t(-2).
31
Let q(j) = 11*j + 6. Let r be (9 - (-56)/(-8)) + 0. Suppose 10 = -0*n - r*n - k, 3*k + 15 = -n. What is q(n)?
-27
Let d(f) = -9*f**2 + 10*f - 16. Let i(m) = -11*m**2 + 11*m - 17. Let x(r) = 6*d(r) - 5*i(r). Calculate x(-5).
-11
Let w be (-1)/1 + -1 + (-136 - 2). Let c = 147 + w. Suppose f + 2 = 0, g + f = 2*g - c. Let t(y) = y**2 - 6*y - 4. Calculate t(g).
-9
Let n(s) be the second derivative of 0 - 2*s + 1/20*s**5 + 0*s**3 + 0*s**4 + 0*s**2. Suppose -6*q = -5*q - 1. What is n(q)?
1
Let r(p) = 14223*p - 7157*p + 28 - 2*p**2 - 7114*p. Calculate r(-24).
28
Let k(t) = 6*t**2 + t - 5. Let c(r) = -8*r**2 - 3*r + 3. Let p(j) = 4*c(j) + 5*k(j). What is p(-2)?
-7
Let l(p) = -6*p**2 + 3 - 8 + 49*p + 4*p**2. Determine l(24).
19
Let p(k) = 2*k - 15. Let s = 53 + -71. Let l be (-63)/6*(s/7 - -2). Give p(l).
-3
Suppose 19 = 25*i - 6. Let q(u) = -4*u**2 + 2. Let t(c) = c**2 - c + 2. Let v(f) = i*q(f) + 5*t(f). Give v(5).
12
Let h(n) = 23*n**3 + 8*n**2 - 13*n + 7. Let o(g) = -19*g**3 - 6*g**2 + 12*g - 5. Let q(m) = -5*h(m) - 6*o(m). Determine q(-2).
1
Let p(o) be the third derivative of -o**4/24 - o**3/6 + o**2. Let h(i) = 166*i - 661. Let w be h(4). What is p(w)?
-4
Let s(p) = 3*p**2 + 2*p + 2. Let l(u) = 4*u**2 + u + 2. Let n(h) = -4*l(h) + 5*s(h). Suppose 22*y = 19*y + 6. Let c be y*(75/10 - 4). Determine n(c).
-5
Let y(c) = -23*c - 94. Let q be y(-4). Let i(h) = 17*h**2 + 19*h - 2. Let m(d) = -5*d**2 - 6*d + 1. Let t(l) = q*i(l) - 7*m(l). Calculate t(-6).
9
Let q(v) = -v**2 + v + 8. Let d(s) = 3*s**2 - 3*s - 23. Let z(y) = -3*d(y) - 8*q(y). Let i(p) = 6*p**3 + 10*p**2 - 85*p + 3. Let n be i(3). Calculate z(n).
5
Let a(s) = -s + 48. Let j(q) = 30*q - 720. Let y(t) = 30*a(t) + 2*j(t). What is y(4)?
120
Let t(g) = 33*g + 90. Suppose 170*k = -104*k - 21*k - 885. Calculate t(k).
-9
Suppose -28 = -4*j - 608*h + 612*h, 4*h = -24. Let u(a) = 5*a**2 + 4*a - 3. Give u(j).
6
Let m be ((-135)/20)/9 + (-783)/(-36). Let x(j) = -2*j**2 + 42*j - 7. Give x(m).
-7
Let x(q) = -23*q**2 - 25*q - 34. Let w(h) = 8*h**2 + 3*h - 1. Let i(a) = -3*w(a) - x(a). Determine i(-2).
1
Let s(q) = -q - 48. Suppose 4*a + 34 = 2*g, -26*a - 31 = -24*a + g. Determine s(a).
-36
Let k(b) = 16*b - 14. Let j(c) be the third derivative of -5*c**4/24 + 5*c**3/6 - 5*c**2. Let l(d) = -17*j(d) - 6*k(d). Let i = -134 + 135. Give l(i).
-12
Let g(j) = j**2 + 2*j - 2. Let f be (15 + -3)*1/(-2). Let t = -8 + f. Let a = t - -11. Determine g(a).
1
Let a(b) = 4*b + 36. Let y(n) = -10*n - 79. Let w(q) = 7*a(q) + 3*y(q). Calculate w(0).
15
Suppose 28*f + 28 = 24*f. Let o(p) = 3*p**3 - 12*p**2 + 43*p + 14. Let t(q) = -4*q**3 + 13*q**2 - 55*q - 14. Let l(a) = 5*o(a) + 4*t(a). Determine l(f).
0
Let h(n) be the third derivative of n**5/60 - 3*n**4/8 + 4*n**3/3 + 40*n**2. Let w(o) = -4*o + 10. Let v be w(5). Let t be 4 - (1*v)/5. Determine h(t).
-10
Let u(y) = y**3 - 22*y**2 + 114*y + 40. Let z be u(13). Let l(t) be the first derivative of -9*t**4/4 - t**3/3 + t**2 - t - 2. Determine l(z).
-9
Let h(k) = k**3 + 4*k**2 - 1. Let w(j) = -2*j**3 + 18*j**2 + 15. Let r(p) = -3*h(p) - w(p). Calculate r(-30).
-12
Let j be (9/12)/((15/(-72))/5). Let p = -148 + 100. Let y be ((-6)/2)/((j/p)/1). Let n(l) = -l**3 - 9*l**2 - 10*l - 10. What is n(y)?
6
Let c(b) = -b**2 - 5*b - 28. Let s(f) = 3*f**2 + 17*f + 88. Let o(d) = 22*c(d) + 8*s(d). What is o(-6)?
4
Let z(l) = 2*l - 2. Suppose 4*r - 8 = 4*x, -5*r + 34 = -3*x + 6*x. Determine z(x).
4
Let l(o) = o**3 - 5*o**2 + 6*o + 1. Let s be l(4). Let r(m) be the first derivative of m**2/2 - 10*m + 30. What is r(s)?
-1
Let y(t) = t**3 - 4*t**2 - 4*t - 8. Let m = -7191 + 7196. Give y(m).
-3
Let i(h) = 3*h**2 + 43*h + 10. Let c be i(-22). Let u(l) = c - 516 - 4*l**2 - l. Determine u(-1).
-3
Let d(t) = 2*t - 7. Suppose -2*z + 4*q + 2 = -6, -2*z + 3*q + 7 = 0. Calculate d(z).
-3
Let y(f) = f**3 - 13*f**2 + 23*f - 22. Let m be y(11). Let o = -9 - m. Let i(x) = -2*x. Calculate i(o).
-4
Let a(h) = 7*h + 107 + h**2 - 281 + 67 + 102. Let s be (-48)/(-9)*6/4. Suppose 3*i + 32 - s = 0. Determine a(i).
3
Suppose 8*q - 13*q = -25. Suppose 3 = q*l - 17. Let j(s) = -3*s**2 - 12*s - 4 + 14*s + s**3 - s**2. What is j(l)?
4
Let a be (6/4)/((-7)/(-14)). Let l(j) = 4 - a*j - j**2 - j**3 - 11 - 6*j**2 - 2. Give l(-7).
12
Let n be 6 + 9/12 + (-152)/32. Let c(t) = -3 - 5*t + 0 - 10*t**2 - 4*t**2 + 13*t**n. Calculate c(-5).
-3
Let j(c) = c**2 + 3*c - 8. Let z be j(-6). Let o(h) be the first derivative of -h**4/4 + 10*h**3/3 + 8*h + 1047. Calculate o(z).
8
Let v(x) be the second derivative of x**3/6 + 7*x**2 + 2*x. Let w(f) = 3*f - 44. Let p be 5 + (-2)/3*3 - -9. Let g be w(p). Determine v(g).
6
Let c(u) = -u**3 - 10*u**2 - 6*u - 16. Let i(y) = -2*y**2 - y - 4. Let x(f) = -c(f) + 3*i(f). Let g(k) = -k - 3. Let w be g(0). Give x(w).
4
Let s(w) = 5*w. Let r(n) = n. Let i(m) = -15*r(m) + 4*s(m). Suppose b - 4*b - 6 = 0. Let j be -3 - -10*(-1)/b. Determine i(j).
10
Suppose q = 2 - 8. Let c(o) = 10 + 0*o**2 - 6 - 12*o - 13 + 4*o - o**2. Calculate c(q).
3
Let r(x) = -3*x + 28. Let p = 25285 + -25298. Calculate r(p).
67
Let l(p) = 3 + 47 + 9 + 13 + 5*p - 22. What is l(-8)?
10
Let p(v) = 41*v - 1. Let q = 241 + -133. Let i = q + -109. Determine p(i).
-42
Let k = 3434 + -3437. Let l(o) be the second derivative of o**6/240 - o**5/120 + o**4/6 - o. Let i(x) be the third derivative of l(x). Give i(k).
-10
Let x(k) = k**2 + 1. Let a(o) = -14*o**2 + o - 5. Let u(l) = a(l) + 5*x(l). Suppose -777*q = -785*q + 8. Calculate u(q).
-8
Let b(f) = -f**3 + 23*f**2 + 15*f + 227. Let x be 72 + -84 - (-72)/2. What is b(x)?
11
Let l(u) = 3*u - 3. Suppose 2*p + 512 = -5*f - 2*p, 3*f = p - 314. Let k = f - -113. Calculate l(k).
24
Let s(q) = 9*q - 34. Let j(r) = -7*r + 33. Let a(z) = -5*j(z) - 4*s(z). Let n(w) = 2*w**3 - 19*w**2 + 8*w - 6. Let i be n(9). Give a(i).
-14
Let k(a) = -2*a**3 + 3863 - 1957 - 5*a - 1902 - a**2. Give k(0).
4
Let q(x) = -x**2 - 8*x + 1. Suppose 4*o + 8 = 0, -2*s + 17*o - 16*o = 22. Let h be 16/s - 140/21. Determine q(h).
1
Suppose -17*i = 20*i - 74. Let m(y) = -y**i + 8 - 6*y + 5 + 0*y**2 + 10*y. What is m(6)?
1
Let m(r) be the second derivative of -4*r**3/3 - 15*r**2/2 - 2754*r. What is m(-3)?
9
Let v = 664 + -654. Let y(l) = -8*l + 11. Give y(v).
-69
Let c = 35 + -36. Let k(y) = 2*y**3 - y. Let o be k(c). Let z(r) = 11*r**2 + 1. What is z(o)?
12
Let n = 27 + -19. Let p(c) = 287*c + 91. Let v(w) = 19*w + 6. Let h(g) = 6*p(g) - 91*v(g). Let y(x) = 9*x + 1. Let m(k) = -4*h(k) - 3*y(k). Give m(n).
5
Let g be (-6 + 63/42)/((-1)/2). Let r(s) = -s**3 + 6*s**2 - 6*s + 12. Let p(h) = h**3 - 5*h**2 + 5*h - 12. Let d(t) = 4*p(t) + 5*r(t). Give d(g).
3
Let m be (3/9)/(2/18). Suppose -5*u - 5*j = 5, -m*j - 4 + 0 = 4*u. Let y(p) = -33 - 32 - 29 + 95 + 438*p - 422*p. Calculate y(u).
-15
Suppose 0 = 3*w - 6, -4*a - 10 = a - 5*w. Let t(g) = g - 21 + 0 + 1 + 6. What is t(a)?
-14
Let c(r) = 3*r**3 + r - 386 + r**3 + r**2 + 388 - 3*r**3. Let b(s) = 6*s**3 + 19*s**2 + 19*s + 26. Let a(w) = b(w) - 5*c(w). What is a(-13)?
3
Let r(u) = -38*u - 8. Let f be (705/(-120) + 6)/(1/(-8)). Calculate r(f).
30
Let j(n) = 1 - 32 + 5*n**2 - n**3 + 4*n + 33. Give j(-3).
62
Suppose -2*m - 16*q = -17*q - 4, m - 2 = -4*q. Let g = 6 + -4. Let w(r) = 0*r - 4*r**g - 2*r + 3 - 2. What is w(m)?
-19
Let j(r) be the second derivative of r**5/20 - r**4/3 - r**3 + 11*r**2/2 + 1336*r. Give j(6).
47
Let q(s) = -s**2 + 19*s - 8. Let n = 3496 + -3482. Give q(n).
62
Let k be (-3)/((-9)/3) + 0 + 9. Suppose 0*r - 3*r - 2*h = -k, 0 = -h + 2. Suppose -r*q = 